b - 210, 2*f + 2*f = -b - 206. Let o = 121 + f. Suppose 2*r = -5*g + 18, 7*r - 4*r - 3*g - o = 0. Is r prime?
True
Let u(q) = 7*q**3 - 5*q**2 - 19*q - 29. Is u(7) a prime number?
False
Suppose w - 1704 = 3*i, 6*i - 4*i = -3*w + 5068. Let p = 2753 - w. Is p a composite number?
False
Let g be ((-3)/6 - 0)*14. Let v(s) = -2*s**3 - 4*s**2 - 2*s - 13. Is v(g) composite?
False
Let o = 8 + -24. Let d = -12 - o. Suppose 0 = 2*h + 4*b - 70, 36 + 116 = d*h - 4*b. Is h a composite number?
False
Let q = 54 - -108. Let w = q + 29. Is w a prime number?
True
Let v = 20544 + -13513. Is v composite?
True
Suppose 6*i + 3090 = 20652. Is i composite?
False
Let x(d) = 10*d + 4783. Is x(0) prime?
True
Suppose 109*r + 4672 = 2*o + 107*r, 5*o - 4*r = 11677. Is o a prime number?
True
Let n(q) = -59*q - 9. Let x be n(-6). Suppose -5*j = 4*p - 1491, -3*p + x = 4*j - 848. Suppose y + j = 2*y. Is y composite?
True
Let g(v) = 34*v + 1. Let n(r) = r**2 + 2*r + 2. Let l be n(-4). Let a be (-4)/l + 94/10. Is g(a) a composite number?
False
Suppose -27678 = -5*l + 2*b, -2*b + 29935 = 5*l + 2273. Is l prime?
False
Is (-7174)/(-1*(5 + -3)) a composite number?
True
Let l(y) = -77*y - 7. Let p(k) be the third derivative of 19*k**4/12 + 2*k**3/3 - 5*k**2. Let o(z) = -3*l(z) - 5*p(z). Is o(2) composite?
False
Let j = 273337 + -112214. Is j prime?
True
Let o(u) = -94*u - 19. Let s = 98 + -101. Is o(s) a composite number?
False
Let z(q) = -2*q + 5. Let x be z(0). Suppose x*f = -f + 1338. Is f composite?
False
Let o(n) = n**3 - 7*n**2 - 7*n - 8. Let f be o(8). Suppose -3*a + 94 = t, -4*t - 5*a + 2*a + 331 = f. Is t a composite number?
False
Let h(d) = d**3 - 3*d**2 - 3*d - 3. Let f be h(4). Let r(p) = 60*p**3 + p**2 + p - 1. Let b be r(f). Suppose y - 58 = b. Is y a prime number?
False
Let o be (-1371)/6*10 - -2. Let f = -172 - o. Is f a prime number?
True
Let f(u) = 15*u**3 - u. Let m be 1/(-2)*-2*1. Let z be f(m). Is z/(-7)*67/(-2) a composite number?
False
Suppose -5*c + 7 + 3 = 0. Suppose -4*i = 10 - c. Is 6/i + (-342)/(-3) prime?
False
Let d = 5399 - -4984. Is d a prime number?
False
Let k be ((-2)/(-4))/(7/14). Let v = k - 1. Suppose 3*p - 64 - 2 = v. Is p a prime number?
False
Suppose 0 = -2*i - q + 10 - 11, 3*i - 2*q - 2 = 0. Suppose -7671 = -5*c + 2*n + 2*n, i = 3*n + 12. Is c composite?
False
Let n be 6/4*(896/(-48) + 20). Suppose -3*m + 1 = 5*z, -m + 4 = 4*z - 1. Suppose 4*p + 442 - 124 = n*t, z*t - p - 321 = 0. Is t a composite number?
True
Let k(m) = 4*m**2 - 31*m + 23. Is k(-34) prime?
True
Suppose -11*c + 13998 = -33115. Is c a prime number?
True
Let i(g) = g**3 - 1. Let l be i(1). Suppose l*f - 2*f - a + 2960 = 0, -1471 = -f - 5*a. Is f prime?
True
Is (-1345125)/(-325) + (-4)/(-26) a prime number?
True
Let u(i) = 211*i**3 + 2*i**2 - 15*i + 41. Is u(4) composite?
True
Let z = 4167 + 40. Is z composite?
True
Suppose 13 = z + 2*u, -4*u - 10 = -6*u. Let b(y) = 24*y**3 - 3*y**2 + y + 7. Is b(z) a prime number?
True
Is 5*((-1104)/(-8) - 1) a prime number?
False
Suppose 11*c - 12*c = 2*t - 3701, 0 = -3*c + 4*t + 11143. Is c prime?
True
Let g be 34/6 + 1/3. Suppose 0 = 7*k - g*k - 665. Suppose 9*i = 4*i + k. Is i composite?
True
Let k be (1/(-1)*-7)/(9 + -8). Suppose -19934 = -k*j + 4503. Is j composite?
False
Let a = -16 + 10. Let h(c) be the first derivative of 17*c**3/3 - 3*c**2/2 - 7*c + 2. Is h(a) a composite number?
True
Let c = -60 + 432. Let g = 674 - c. Is g a composite number?
True
Let h = 15 + -7. Suppose o = g - h + 2, 4*o = -2*g + 6. Suppose g*f - 1796 = -j, -5*j = f - 4*f + 1072. Is f prime?
True
Suppose 5 = -3*k + 11. Suppose -a - 567 = -3*f - 6*a, -k*f = -5*a - 403. Is f a prime number?
False
Let s(m) = 55*m**2 - 9*m + 3. Suppose -89 = -4*a + 59. Let b = 33 - a. Is s(b) prime?
True
Suppose -88283 = -5*f - s, -5*f + 74489 + 13800 = -2*s. Is f a composite number?
False
Let x(g) = -g - 25. Let n be x(10). Let q = 476 - n. Is q composite?
True
Let a be (-1 - (-4 - 3)) + -2. Suppose -a*u + q = -2*q - 14688, -3661 = -u - 2*q. Suppose -5*y - 1338 + u = -2*i, -i = -3*y + 1399. Is y prime?
True
Let o(x) = 2*x**3 + 19*x**2 - 7*x - 11. Let u(z) = -z**3 - z. Suppose -4*w - 3 = -7. Let a(d) = w*o(d) + 3*u(d). Is a(8) a prime number?
True
Suppose -40*t + 16342 = -38*t. Is t a composite number?
False
Let l = 103 + -68. Suppose -4*c = l - 423. Is c composite?
False
Suppose 3*d - 6*g = -3*g + 27, 5*d + 4*g = 9. Is (-1)/(1/397*(4 - d)) a composite number?
False
Let w(l) be the first derivative of -7*l**2/2 - 5*l + 1. Suppose -2 = d - 1, -3*d - 27 = 2*g. Is w(g) a composite number?
False
Let q(g) = 251*g**2 + 10*g - 26. Is q(5) prime?
True
Let z = 4898 - 1521. Is z a prime number?
False
Suppose -x = -2*u - 2566 + 11348, 5*x = -u + 4391. Is u prime?
True
Suppose -5*h + 64 + 16 = 0. Let r(q) = q**3 - 16*q**2 + 20*q - 27. Is r(h) composite?
False
Suppose 2737 = 4*d - 1975. Suppose -4*h - d = -7350. Is h composite?
False
Let a be ((-6)/7)/(23/161). Let k(v) be the first derivative of 6*v**3 + 6*v**2 - 5*v - 1. Is k(a) composite?
False
Let r = -65 - -68. Let c(t) = -3 - 1 - 1 + 76*t. Is c(r) prime?
True
Let p(t) = -t**3 + 4*t**2 + t - 5. Let a be p(4). Is (668/(-16))/(a/8) composite?
True
Let o = -4 + 6. Suppose 2*w - b = -2*w + 2979, o*w + 3*b = 1507. Is w a composite number?
True
Suppose 0 = 20*l - 13*l - 139993. Is l a composite number?
True
Suppose -27*h = -22*h - 11585. Is h a composite number?
True
Suppose 5*y - 2841 = 2*y. Suppose 0 = -2*j + 5*t + 463, 3*t + y = 6*j - 2*j. Is j a prime number?
True
Is (11 + 850/(-40))/((-2)/296) prime?
False
Let l = -39 + 16. Let m = l - -1583. Suppose 0 = -d, 3*d = 4*h - m + 204. Is h a composite number?
True
Let m(a) = a**2 - 10*a - 24. Let q be m(-18). Suppose q = 4*p - 5428. Is p a prime number?
False
Suppose 4*m - 1088 = 264. Let o = m + 339. Is o a composite number?
False
Is 1/(4/7258) + 44/(-88) a composite number?
True
Suppose -37*j - 24654 = -43*j. Is j prime?
False
Suppose -21 = 2*x + 5*h, -4*x - 1 = h - 4. Let b(k) = 3*k**2 - 2 - k**x + 5. Is b(10) prime?
False
Let p be -2 - 1 - (9 + -4165). Let q = 6048 - p. Is q composite?
True
Let k(j) = 34*j. Let o(q) = q**3 + 7*q**2 + 1. Let h be o(-7). Let s be k(h). Suppose -4*z + s = 2*i, -4*i - z + 77 = -2*z. Is i prime?
True
Let i(x) = -5*x. Let h be i(-1). Suppose 4*q + 13 = 17. Is (-3184)/(-20) - q/h a composite number?
True
Suppose p = 2*p + 7*p. Suppose -5*y - 15 = p, -3*r - y + 3*y + 999 = 0. Is r prime?
True
Suppose 344*f - 351*f + 27629 = 0. Is f a prime number?
True
Let f = -294 + 443. Suppose -5 = -5*h - 3*m, 7 + 10 = 3*h - m. Suppose h*v = -2*k - f + 463, 749 = 5*k + v. Is k a prime number?
True
Let l(z) = 11*z + 3*z**2 + 0*z**2 - 2*z**2 - 13 + 0*z**2. Is l(7) a prime number?
True
Let q be 6/9*(-21)/2. Let p = -3 - q. Is 20/5*371/p a composite number?
True
Let t be 36/4 + 2 + 1. Suppose -3*y + t = 4*p, 5*y + 2*p - 3*p = -3. Is (-4 + y)*(-253)/44 a composite number?
False
Let d = 21351 + -10294. Is d composite?
False
Suppose 0 = 61*j + 71719 - 914312. Is j prime?
False
Let b = -1657 - 21. Let i = -1029 - b. Is i prime?
False
Let f = 2625 - 1752. Suppose -5*w = -2708 + f. Is w prime?
True
Suppose -6*r - 2 = 16. Let m be (2/(-4))/(r/84). Let l(f) = 9*f - 15. Is l(m) composite?
True
Let c = -484 - -695. Suppose 31*x - c = 30*x. Is x a composite number?
False
Suppose 7*z - 85545 = 37424. Is z composite?
True
Let u(q) = 3*q**3 - 30*q**2 + 5*q + 15. Let w be u(13). Suppose -p + w = 3*z, 0 = -11*p + 6*p - 5*z + 7965. Is p a composite number?
True
Let f be 1*(6/(-4))/(9/(-12)). Suppose -3*n - 614 = -2*u + u, 4*n - 1228 = -f*u. Is u a composite number?
True
Let p = 2337 + 12806. Is p a composite number?
True
Suppose -60 = -2*g + 46. Is g composite?
False
Let n be (-1 - 0)/(-2)*(-33 - -273). Suppose -4*m + 4 = 0, -n = -i - 4*m + 137. Is i a prime number?
False
Suppose 0 = -4*n + 1 + 19. Suppose n*h = -5, -2*s + 5*h - 115 = -2422. Is s composite?
False
Suppose 20*t + 13 + 67 = 0. Let p(d) be the second derivative of -d**5/10 - d**4/3 + d**3/2 - d**2/2 - d. Is p(t) composite?
True
Let v be (-3 - (-10 - -3))*-1. Let b be v/10 + 1742/5. Suppose 3*m = -m + b. Is m a prime number?
False
Suppose -2*v = -5*a + 6813, 14*a - 4092 = 11*a - 3*v. Is a prime?
False
Let o(h) = 3*h**2 - 13*h + 7. Let w(i